 common factor of 15 and c?
15
Let r = 17 - 40. Let a be r/(-1) - 4/2. Suppose -2*p + 25 = -7*p, -5*c - 2*p + 25 = 0. What is the greatest common divisor of c and a?
7
Suppose 5*i - 1 = 44. Suppose i*j - 4*j = -n + 22, 4 = -4*n + 3*j. Suppose 54 = 4*s - n. What is the greatest common factor of s and 2?
2
Suppose -4*g + 11 = 3*i, 0 = 5*g + 5*i - 5 - 10. Calculate the greatest common divisor of g and 10.
2
Suppose 5*y + 105 = -5*d, 2*y - 2*d + 84 = -3*y. Let f = 19 + y. What is the highest common divisor of f and 1?
1
Let x(p) = -5*p**2 + 5*p + 0 + 4*p**2 - 3. Let y(i) = i**3 - 9*i**2 + 9*i - 6. Let j be y(8). Let t be x(j). What is the greatest common divisor of 33 and t?
3
Suppose -17*v + 13*v = -60. Suppose 0*p = 5*p - v. Calculate the highest common factor of p and 3.
3
Suppose -673 = -8*y - 169. Calculate the greatest common divisor of 42 and y.
21
Let n = -6 - -6. Let w be (1 - -1 - -2) + n. What is the highest common divisor of w and 36?
4
Suppose -3*b + 4*v + 176 = -b, 0 = 5*b - 3*v - 412. What is the highest common divisor of b and 20?
20
Suppose -5*o - 2834 = -744. Let q be o/(-4) - (-6)/(-12). Suppose -3*g = -2*g - 13. Calculate the highest common factor of q and g.
13
Let n(k) = 2*k - 1. Let h be n(2). Let f(s) = -s + 0 - h + s + s. Let d be f(5). What is the greatest common divisor of d and 12?
2
Suppose 0 = -b + 4 - 1. Suppose 5*v + 9 = 24. What is the highest common divisor of b and v?
3
Suppose 0 = d + n - 5, -2*n - 6 = n. What is the highest common divisor of d and 49?
7
Suppose t = 3*d + 52, d + 47 = -4*t + 8. Let h = 49 + d. Let s(w) = -w**2 - 5*w + 4. Let c be s(-3). Calculate the highest common factor of h and c.
10
Let j be -2 - (-1 - (-26 - 1)). Let c = j + 54. What is the greatest common divisor of 39 and c?
13
Suppose 4*c - 5*s = 385, 0*s - 115 = -c - 5*s. Calculate the highest common factor of c and 40.
20
Let x = 58 + -36. What is the highest common divisor of 242 and x?
22
Let p be (-14)/(-2) + 9/(-3). Suppose -v + p*v - 17 = -4*a, 3*v - 22 = -5*a. Calculate the highest common divisor of 5 and a.
5
Let d = 24 + -17. What is the highest common factor of 7 and d?
7
Let n be 7 + -6 + 302 + 0. Let o be n/27 - (-2)/(-9). What is the greatest common divisor of 55 and o?
11
Suppose 2*m = -2*m + 12. Suppose -14 - 28 = -m*r. Calculate the highest common divisor of r and 140.
14
Let r be (-38 + 50)*2/3. Suppose 4*f + 10 = 42. Calculate the greatest common factor of r and f.
8
Let c(k) = k - 5. Let p be c(0). Let a(z) = -z**3 - 4*z**2 - 3*z. Let n be a(p). Let i be 3 + 6/(-3)*-1. What is the highest common divisor of i and n?
5
Let l be 21/(-28) - (-1406)/8. What is the highest common divisor of l and 25?
25
Suppose -5*u = -20, 3*u - 48 = -3*q - 0*u. Calculate the greatest common factor of 48 and q.
12
Let d(w) = -w**2 + 7*w + 8. Let a be d(7). Let l be 8/(-1)*(-6)/a. Suppose 3*x = 3*f + 45, f = -l*x + 4*x + 30. Calculate the highest common divisor of x and 5.
5
Let u = -11 + 17. Let o(a) = -a + 1. Let y be o(-2). What is the greatest common factor of y and u?
3
Let h = 43 + -15. Let k = -3 - -7. Suppose k*t - 2*m = -t + 35, t + m = 7. Calculate the highest common divisor of t and h.
7
Let d be 21/(-12)*2*-2. Let v = 7 + d. Calculate the highest common divisor of v and 21.
7
Let w(h) = 2*h**2 - 2*h - 2. Let f be w(-3). What is the highest common factor of 11 and f?
11
Suppose -3*b = -6*b + 15. What is the greatest common factor of b and 55?
5
Let f(w) = w**2 - 3*w - 6. Let v be f(6). What is the highest common factor of 4 and v?
4
Let w be (-2)/(72/76 - 1). What is the highest common factor of 57 and w?
19
Let c be 2/(-3) + 4/6. Suppose 0 = -c*x + x - 144. What is the highest common divisor of 24 and x?
24
Suppose 5*w + p - 19 = 0, 2*w + 3*p - 20 = -2. Suppose d + w*b = 55, d + d - 95 = -3*b. What is the greatest common divisor of d and 16?
8
Let g = -8 - -13. What is the greatest common factor of 35 and g?
5
Suppose -2*s - 45 = -5*s. Suppose s + 30 = 3*o. Calculate the highest common factor of o and 10.
5
Let i = 10 - 5. What is the greatest common divisor of 45 and i?
5
Suppose 3*o = 4*j, -3*o = 3*j - j. Suppose 3*p + 0*p + 3 = j. Let a be p*2 - (-9)/3. What is the highest common divisor of a and 2?
1
Let b(c) = c**3 - 4*c**2 - 5*c + 4. Let s be b(5). Let l = 6 - s. Let x be (-74)/(-4) - 1/l. What is the greatest common divisor of x and 45?
9
Let s be 51/9 - (-4)/(-6). Let b = -4 - -9. Suppose n = -b*g + 42, -5*n - 57 = -s*g - n. Calculate the greatest common divisor of 63 and g.
9
Suppose 0 = -b + 3*k + 347, -5*k + 597 = 3*b - 430. What is the highest common divisor of b and 43?
43
Suppose -2 - 18 = -5*u + 5*b, -u - 3*b - 4 = 0. Suppose u*j - 368 = 3*o + 2*o, -4*o = 5*j - 953. Calculate the greatest common factor of 27 and j.
27
Let x = 47 - 41. Calculate the greatest common divisor of x and 30.
6
Let l = 115 - 55. Suppose -3*n + l = 3*g - g, -2*g + 62 = 2*n. What is the greatest common divisor of 264 and g?
33
Suppose 3*z - 45 = -p - 2, 3*z - 4*p = 68. Suppose -27 - 29 = -2*a - 4*u, 3*a + 3*u = 78. What is the highest common factor of a and z?
8
Let h = -6 + 22. Suppose -m + 0*m + 12 = 5*x, -4*x - 4*m + h = 0. Let i be ((1 - -2) + -6)*-2. What is the greatest common factor of x and i?
2
Let n(w) = -3*w - 15. Let p be n(-17). Let a = -21 - -39. What is the highest common factor of p and a?
18
Suppose -3*n - 16 = 5*y, -2*n - 4*y - 18 = 3*n. Let h be 17 + (n - (1 - 3)). What is the greatest common factor of h and 34?
17
Let r = -3 - -1. Let y be (r/(-6))/(3/306). What is the highest common divisor of y and 17?
17
Suppose -30 = -z + 31. Suppose 0 = v - 43 - z. Let j be -1 - (-9 - (-10)/(-2)). What is the highest common divisor of v and j?
13
Suppose 0 = -8*o + 3*o + 85. Suppose -4*j = p - 11, 3*p = -p - 4. Suppose 0 = j*n - 15, 4*n = u - 3*u + 394. Calculate the greatest common divisor of u and o.
17
Suppose a - 80 = -3*a. Calculate the highest common divisor of a and 60.
20
Let l = 70 - -5. What is the highest common factor of l and 25?
25
Let h = -67 + 80. Calculate the greatest common divisor of h and 455.
13
Suppose -186 = -5*k + u, -3*k - u + 88 = -30. Let d = k + -26. Let o = d - -76. What is the greatest common divisor of o and 11?
11
Let j be -2*(-2)/((-4)/(-39)). Let q = 64 - j. What is the greatest common factor of 5 and q?
5
Let t be (-3 + 3)*(-2)/(-2). Let d be (3/(-2) - -2)*t. Suppose -b - 4*z = 0, 0*b + 2*b - z - 18 = d. What is the greatest common factor of 1 and b?
1
Let z = -63 + 89. Suppose -4*g = 4*x - 559 - 57, -2*g - 472 = -3*x. Suppose -4*p = m - 39, -4*m - 3*p = -7*p - x. What is the greatest common factor of m and z?
13
Suppose 5*m - 3*y = -2, 3*y + 1 = 2*m - 0*m. Let k be ((-3)/2)/(m/16). Let g = 9 + -3. What is the greatest common divisor of k and g?
6
Let v = 1050 + 159. Let n be v/7 + 4/14. Let m be (-6)/(-15) - n/(-5). What is the greatest common factor of m and 14?
7
Let t = -17 - -18. Let i(y) = y + 1. Let x(m) = -39*m**2 + 5*m + 4. Let k(d) = 4*i(d) - x(d). Let b be k(t). What is the highest common divisor of b and 19?
19
Let v = -7 + 44. Suppose k + 0*k - 4*c - v = 0, -5*k - 2*c + 163 = 0. Calculate the highest common divisor of 11 and k.
11
Suppose 0 = 6*x - 4*x - 32. Suppose -20 = -f + 4. Calculate the greatest common divisor of x and f.
8
Suppose -2*h = -4*c + 16 + 64, 101 = 5*c - 3*h. What is the greatest common divisor of 76 and c?
19
Let l(k) = k**2 - 28*k + 35. Let q be l(27). Let p = -6 + 10. Calculate the greatest common divisor of q and p.
4
Let a(s) = s**2 - 16*s - 15. Let j be a(17). Calculate the greatest common factor of j and 5.
1
Suppose 8*v - 4*v = o - 10, -20 = 5*v. Let f = o + 10. What is the highest common factor of 16 and f?
4
Let c = 6 + 6. Let y(z) = -2*z + 48. Let k be y(0). Calculate the greatest common factor of c and k.
12
Let k be (-1)/(2/(-2*11)). Let x(j) = j + 1. Let a be x(1). Suppose 5*w = a*w + 66. What is the greatest common divisor of w and k?
11
Let t(v) = 34*v + 18. Let x(q) = -17*q - 9. Let m(u) = -4*t(u) - 9*x(u). Let i be m(8). What is the highest common divisor of i and 29?
29
Suppose 13 = w + 2*p, 3*w - 2*p = -6*p + 29. Suppose -5*g + 29 = w*d, -2*d + 9 = g - 3*d. Calculate the greatest common divisor of 77 and g.
7
Suppose z = 6*z - 10. Suppose -l 